atest common divisor of 104 and 91.
13
What is the highest common factor of 2266 and 44?
22
What is the greatest common divisor of 190 and 470?
10
What is the greatest common divisor of 177 and 3127?
59
What is the highest common divisor of 28 and 574?
14
Calculate the greatest common factor of 9793 and 21.
7
Calculate the highest common factor of 306 and 5304.
102
What is the highest common factor of 28450 and 150?
50
Calculate the greatest common factor of 44 and 539.
11
Calculate the highest common factor of 4750 and 38.
38
What is the highest common factor of 333 and 3108?
111
Calculate the greatest common factor of 20 and 38820.
20
Calculate the greatest common divisor of 1112 and 32.
8
Calculate the highest common divisor of 60 and 108.
12
Calculate the greatest common factor of 130 and 8970.
130
What is the greatest common divisor of 1036 and 28?
28
What is the greatest common factor of 9 and 16?
1
Calculate the highest common factor of 394 and 2.
2
Calculate the highest common factor of 3 and 411.
3
What is the greatest common divisor of 345 and 15?
15
What is the highest common divisor of 166 and 9462?
166
Calculate the highest common factor of 102 and 357.
51
Calculate the highest common factor of 1022 and 56.
14
What is the greatest common factor of 46 and 10442?
46
Calculate the greatest common factor of 24 and 3928.
8
What is the highest common factor of 46 and 276?
46
What is the greatest common divisor of 11176 and 33?
11
What is the highest common divisor of 4961 and 82?
41
Calculate the highest common divisor of 1295 and 805.
35
Calculate the greatest common factor of 10716 and 152.
76
What is the highest common divisor of 242 and 55?
11
What is the greatest common factor of 1513 and 85?
17
What is the greatest common divisor of 1961 and 259?
37
Calculate the highest common divisor of 814 and 154.
22
Calculate the greatest common factor of 7574 and 28.
14
Calculate the greatest common factor of 56 and 32.
8
Calculate the greatest common factor of 460 and 60.
20
What is the highest common divisor of 1064 and 95?
19
What is the highest common divisor of 1287 and 44?
11
Calculate the greatest common factor of 2478 and 5133.
177
Calculate the highest common divisor of 520 and 30.
10
Calculate the greatest common divisor of 869 and 22.
11
What is the greatest common divisor of 1755 and 81?
27
What is the greatest common divisor of 235 and 10?
5
Calculate the greatest common factor of 852 and 108.
12
Calculate the highest common divisor of 189 and 1008.
63
Calculate the highest common divisor of 170 and 18190.
170
What is the greatest common factor of 1551 and 429?
33
What is the highest common divisor of 275 and 25?
25
What is the highest common divisor of 231 and 2233?
77
Calculate the highest common factor of 354 and 18231.
177
What is the greatest common factor of 6260 and 20?
20
Calculate the highest common factor of 2980 and 100.
20
Calculate the highest common factor of 1390 and 60.
10
What is the highest common divisor of 12 and 192?
12
What is the highest common factor of 5376 and 42?
42
Calculate the highest common factor of 30 and 54.
6
What is the greatest common factor of 682 and 44?
22
What is the greatest common factor of 1264 and 553?
79
What is the highest common divisor of 30 and 230?
10
Calculate the greatest common divisor of 155 and 1425.
5
What is the highest common divisor of 290 and 6?
2
Calculate the greatest common divisor of 3542 and 14.
14
Calculate the highest common factor of 250 and 2350.
50
Calculate the highest common divisor of 494 and 104.
26
What is the greatest common divisor of 1110 and 120?
30
Calculate the greatest common divisor of 10914 and 306.
102
Calculate the highest common divisor of 45 and 207.
9
What is the greatest common factor of 81 and 999?
27
Calculate the greatest common factor of 41 and 12833.
41
What is the greatest common divisor of 1595 and 2465?
145
What is the highest common divisor of 2352 and 48?
48
What is the greatest common factor of 207 and 27?
9
Calculate the greatest common divisor of 2427 and 3.
3
What is the highest common factor of 25 and 2025?
25
Calculate the greatest common factor of 6471 and 9.
9
Calculate the greatest common factor of 107 and 4387.
107
Calculate the highest common divisor of 2805 and 1485.
165
Calculate the greatest common factor of 1113 and 24.
3
What is the highest common factor of 4074 and 42?
42
Calculate the highest common factor of 62 and 992.
62
Calculate the highest common divisor of 7410 and 855.
285
What is the highest common divisor of 1073 and 29?
29
Calculate the highest common factor of 38 and 31540.
38
Calculate the highest common factor of 848 and 32.
16
What is the highest common factor of 297 and 110?
11
Calculate the greatest common factor of 240 and 14340.
60
What is the highest common divisor of 29 and 2813?
29
What is the highest common factor of 408 and 2108?
68
Calculate the greatest common factor of 34 and 731.
17
What is the greatest common divisor of 24227 and 7?
7
Calculate the greatest common divisor of 495 and 60.
15
Calculate the highest common divisor of 1125 and 9.
9
Calculate the highest common factor of 680 and 520.
40
Calculate the greatest common factor of 7748 and 104.
52
What is the highest common factor of 2511 and 243?
81
What is the highest common divisor of 4980 and 40?
20
Calculate the greatest common divisor of 854 and 28.
14
What is the highest common factor of 5301 and 171?
171
Calculate the highest common factor of 164 and 11398.
82
Calculate the highest common divisor of 60 and 45.
15
What is the greatest common divisor of 158 and 292?
2
Calculate the greatest common divisor of 5767 and 73.
73
Calculate the greatest common factor of 2703 and 51.
51
What is the greatest common divisor of 33231 and 318?
159
Calculate the highest common divisor of 2512 and 16.
16
What is the highest common divisor of 58 and 1247?
29
What is the highest common factor of 13 and 1?
1
Calculate the greatest common divisor of 770 and 350.
70
Calculate the greatest common factor of 100 and 45.
5
What is the greatest common divisor of 1475 and 118?
59
What is the highest common factor of 204 and 20?
4
What is the highest common factor of 297 and 18?
9
What is the greatest common divisor of 585 and 845?
65
What is the highest common divisor of 3743 and 19?
19
Calculate the highest common divisor of 28 and 308.
28
Calculate the greatest common divisor of 8 and 12332.
4
Calculate the greatest common factor of 9915 and 30.
15
What is the greatest common divisor of 13 and 832?
13
What is the greatest common factor of 3248 and 29?
29
Calculate the greatest common factor of 38 and 148.
2
Calculate the greatest common factor of 188 and 1175.
47
Calculate the greatest common divisor of 120 and 92640.
120
Calculate the greatest common factor of 193 and 7.
1
What is the greatest common divisor of 11446 and 194?
194
Calculate the highest common divisor of 21 and 2926.
7
What is the highest common divisor of 90 and 210?
30
What is the highest common divisor of 58 and 1421?
29
Calculate the greatest common factor of 63 and 1008.
63
What is the greatest common divisor of 182 and 338?
26
Calculate the greatest common divisor of 2128 and 57.
19
Calculate the greatest common divisor of 4 and 22.
2
What is the highest common factor of 21 and 420?
21
Calculate the highest common divisor of 5 and 55.
5
Calculate the greatest common divisor of 50 and 25.
25
Calculate the greatest common factor of 104 and 1469.
13
Calculate the highest common factor of 6552 and 882.
126
What is the greatest common factor of 29 and 783?
29
What is the greatest common factor of 128 and 1008?
16
Calculate the greatest common factor of 9 and 1629.
9
What is the greatest common factor of 11 and 704?
11
Calculate the greatest common divisor of 55 and 2000.
5
Calculate the greatest common divisor of 9 and 4959.
9
Calculate the greatest common divisor of 46 and 138.
46
Calculate the highest common factor of 120 and 940.
20
Calculate the highest common factor of 1095 and 180.
15
What is the greatest common factor of 2816 and 80?
16
Calculate the greatest common factor of 264 and 418.
22
What is the highest common divisor of 147 and 273?
21
What is the highest co